 = x - 586, a*s - 9*s = -2*x + 1182. What are the prime factors of x?
2, 5, 59
Let f = 414 + -405. Suppose -4*l + f*l = -4*j + 1288, 0 = -5*l + j + 1278. What are the prime factors of l?
2
List the prime factors of 44746/3 + (15/(-5) - -2)/3.
5, 19, 157
Let i be (1 - -5)*(-6)/(-1 - 11). Suppose 2*d = 2*g - 10, -i*g - 2*d - 3*d = -7. Suppose 2*h + 2*h - g*z = 240, 2*z + 6 = 0. What are the prime factors of h?
3, 19
Let p(h) = h**2 + 2*h - 1. Let z(i) = 3*i**2 + 11*i - 45. Let x(d) = 4*p(d) - z(d). What are the prime factors of x(24)?
5, 109
Let f be 9/(-3) + 15/5. Suppose f = 8*p - 2*p + 12. What are the prime factors of 14/49 - ((-418)/7 + p)?
2, 31
What are the prime factors of ((-19188)/65)/(-12)*(1655 - -10)?
3, 37, 41
Let b = 14 + -10. Let r(f) = -192*f**2 + 3*f + 5. Let c(u) = -153*u**2 + 2*u + 4. Let g(k) = 5*c(k) - 4*r(k). What are the prime factors of g(b)?
2, 5
Suppose -631*x = -600*x - 170283. What are the prime factors of x?
3, 1831
Let t = 5054 - -647. What are the prime factors of t?
5701
Let i = 3890 + -152. List the prime factors of i.
2, 3, 7, 89
Suppose 6 = -3*w - 3*r, 8 = -4*w - 3*r + 8*r. What are the prime factors of (-14 + w + 0)*3880/(-80)?
2, 97
What are the prime factors of (-25260784)/(-744) + (-8)/(-6)?
2, 3, 5659
Suppose -3*g - 2*a + 137190 = 0, -184*a - 15 = -179*a. What are the prime factors of g?
2, 3, 37, 103
Suppose 25*r - 2468458 = -31*r - 30*r. List the prime factors of r.
28703
Suppose 46455 = 6*k - 1785. Suppose 0 = 13*a - 3*a - k. What are the prime factors of a?
2, 3, 67
Suppose 0 = 2*v - 2*o - 10, 5*o + 6 + 15 = 4*v. Suppose -2*s = 2*x - 550, -v*s + 1411 = s - 4*x. List the prime factors of s.
3, 31
Let w(r) = 2*r - 6*r**2 - 697 + 6*r**3 + 334 + 343. What are the prime factors of w(5)?
2, 5, 59
Suppose -2*h + 9*h = 252. Let b be (1*h/3)/(-1). List the prime factors of -4 + (-1426)/b - 3/(-18).
5, 23
Suppose 3*z - 62 + 29 = 0. List the prime factors of (-101 + 1 + -6)*z/(-2).
11, 53
Suppose 7*s = 2*y + 6*s - 20136, y - s = 10067. List the prime factors of y.
10069
Suppose o = -o - 2*j + 134, o - 5*j - 55 = 0. Suppose -3*z + 22 = -o. What are the prime factors of z?
29
Let c be 1/((-4)/(-2130)) - 395/790. Let x = -4 - -6. List the prime factors of c/5 - x/5.
2, 53
Suppose 33688 - 11266 = 6*k. What are the prime factors of k?
37, 101
Let p = 42 + -38. Let l(n) = -4*n**3 - 7 - 2*n**2 - 1 + p + 7 - 3*n. What are the prime factors of l(-3)?
2, 3, 17
Suppose 0 = -5*v - 3*h + 1462, 5*v = 62*h - 66*h + 1466. Let n be -10*(1/2 + -1). Suppose n*p - v = 280. What are the prime factors of p?
2, 3, 19
Let y = 455 + -457. Let x(q) = 97*q**2 - 3*q - 7. Let c(n) = 32*n**2 - n - 2. Let h(f) = 7*c(f) - 2*x(f). What are the prime factors of h(y)?
2, 61
List the prime factors of (-18*(-86)/(-20))/((-6)/380).
2, 3, 19, 43
Let b = -19 + 19. Let i(y) = -y + 350. Let h be i(0). Suppose -9*f + h + 217 = b. List the prime factors of f.
3, 7
Let t(o) = -21*o + 281*o**2 + 6*o - 38 - 278*o**2 - 3. List the prime factors of t(20).
859
Let d = 29944 + -17620. Suppose -2*c - d = -14*c. What are the prime factors of c?
13, 79
Suppose 0 = 4*h - 3*h. Suppose h*p - 3*p = -5*y - 355, -5*p = -5*y - 575. Suppose 0 = -s - 4*s + p. What are the prime factors of s?
2, 11
Let w(z) be the first derivative of -44*z**2 - 14*z - 7. Let h be w(-11). Suppose 0*d = -9*d + h. What are the prime factors of d?
2, 53
Let g be -5 + 0 + 3 + 55. Suppose -43 - g = 8*r. List the prime factors of (2*339/r)/((-6)/24).
2, 113
Let w = 85 + -85. Suppose w = 162*c - 157*c - 1525. List the prime factors of c.
5, 61
Let y(m) = m**2 - m - 12. Let s(v) = v**2 - 2*v - 13. Let w(p) = 6*s(p) - 7*y(p). Let u be w(-5). What are the prime factors of (-8)/u*15/10 + 108?
2, 53
Let h be (-6)/(-1 - 2)*-2. Let s(p) = -p**3 - 6*p**2 + 11*p + 23. Let a be s(-7). What are the prime factors of (a + (-4)/(-8))/(2/h)?
3
Suppose 66*b = 68*b - 524. Suppose -5*n = -2*i + b, 65*i - 3*n = 60*i + 655. What are the prime factors of i?
131
Let y(x) = -x**3 + 38*x**2 - 154*x - 57. What are the prime factors of y(27)?
2, 3, 317
List the prime factors of (-14)/(-84)*1338*39.
3, 13, 223
Suppose -5*x = f - 259409, -2*f = 3*x + 31596 - 187254. List the prime factors of x.
2, 5, 1297
Let g(t) = t**3 + 74*t**2 + 49*t - 157. List the prime factors of g(-70).
67, 239
Let u(w) = -262*w + 20. Let r be u(5). Let n = -435 - r. What are the prime factors of n?
3, 5, 19
Let f(v) be the first derivative of -v**4/4 - 2*v**2 + 25*v - 15. Let i be f(-6). Suppose 7*j - 113 = i. List the prime factors of j.
2, 3
Let o(f) = -5*f**3 - 51*f**2 + 10*f + 2. Let q be o(-11). Suppose k = q + 244. What are the prime factors of k?
2, 5, 31
Let u(o) = 5*o**2 - 27*o + 43. Let w = 247 - 231. List the prime factors of u(w).
3, 11
Let o(k) = -3*k**3 + k**2 - 10*k + 14. Let t(z) = 3*z**3 - z**2 - 1. Let p(q) = -o(q) + 3*t(q). What are the prime factors of p(4)?
727
Suppose -198 - 429 = -3*z. List the prime factors of z.
11, 19
Let n be (-3)/(-2)*(-9 - (-38)/6). Let p(y) = 21*y**2 - 3*y + 7. List the prime factors of p(n).
5, 71
List the prime factors of 9/3 + 2808 - (7 + 0).
2, 701
Let u = 76 - 71. Suppose -u*h + 4*q - 51 = -329, 5*q + 275 = 5*h. Let r = h - -126. What are the prime factors of r?
2, 23
Suppose 0 = 5*h, 0 = 3*v - 3*h - 11 + 2. Suppose -b + 5*i + 287 = 0, v*b + i - 883 = 26. What are the prime factors of b?
2, 151
What are the prime factors of 4/2 - (0 - -1)/((-69)/321333)?
3, 1553
Suppose 3*l + 3*l - 54 = 0. Suppose 0 = t - 5*n - 7, 5*t = n + l + 2. Suppose 2*o + 2*m = 140, -140 = 2*o - 4*o + t*m. List the prime factors of o.
2, 5, 7
Let z = -93 - -1850. Suppose z = 5*g + 4*n, 4*n - 528 = -g - 167. What are the prime factors of g?
349
Suppose 5*y - z = -4029, -z - 1614 = 2*y - 2*z. Let k = y + 1511. List the prime factors of k.
2, 353
Suppose -2*n = -2, -n = -5*o - 3*n + 2657. Let y = o + -59. List the prime factors of y.
2, 59
Let i(n) = 2*n**3 + 3*n**2 + 6*n - 2. Let z be i(-4). Let q = z - -449. List the prime factors of q.
7
List the prime factors of ((-14)/(-21) + -3)/((-3)/39915).
5, 7, 887
Let m = -96 - -85. Let d = -13 - m. Let u(b) = -111*b + 7. List the prime factors of u(d).
229
Let d(l) = -l**2 + 5*l - 4. Let v be d(3). Suppose v*i + 4*b = 7*i - 253, -3*b - 6 = 0. Suppose -7 = r - i. List the prime factors of r.
2, 3, 7
Let c be (-21875)/15 - 4/6. List the prime factors of 27/(-81) - c/3.
2, 3
Let t(z) = -691*z + 501. List the prime factors of t(-11).
2, 4051
Let v be 4*4/(18 - 2). Let j be -31*(4 + v)/(-5). Let n = j + 132. What are the prime factors of n?
163
Let m(n) = 165*n**2 + 115*n - 620. What are the prime factors of m(5)?
2, 3, 5, 17
Let w = -648 + 651. Let u be (347/4)/((-2)/(-8)). Suppose -2*p - 5*k + u = 0, 152 - 665 = -w*p - 5*k. What are the prime factors of p?
2, 83
Suppose 95*l + 103443 = 844327 + 338506. What are the prime factors of l?
2, 13, 19, 23
Let y(t) = t**2 + 7*t - 4 + 18 - 23*t. Let a be y(14). List the prime factors of (-72)/a*(-21)/(-3) - 3.
3, 11
Suppose 988 = 37*d - 18*d. Suppose -285 = -4*l - 101. Suppose -l*r = -45*r - d. List the prime factors of r.
2, 13
Let d = -2 + 7. Let l be (-5 + 1)*-3*d/20. Suppose -11 + 2 = -l*z. List the prime factors of z.
3
List the prime factors of ((-582804)/(-54))/(6*6/54).
16189
Let p = 269 + -269. Let r(d) = 3*d + 23. List the prime factors of r(p).
23
Let m(q) = 4 + 3 - 10 + 2*q - 10. Let u be m(11). Suppose -3*t - 636 = -u*t. What are the prime factors of t?
2, 53
Let p(m) = 2 - 31*m**2 - 32*m**2 + 60*m**2 - 15*m. Let a be p(-6). Let s(x) = x**2 + 4*x - 39. What are the prime factors of s(a)?
3, 17
Suppose 2*t + a + 23 = 0, -2*a = -2*t - a - 33. Let g be (-917)/t + (-2)/4. Suppose g - 5 = r. What are the prime factors of r?
2, 3, 5
Suppose 2949672 = 137*n - 2832824. What are the prime factors of n?
2, 1319
Suppose -923 = -8*p + 5. Let l = -70 + p. Let j = l + 26. List the prime factors of j.
2, 3
Let l = -78 - -83. Suppose 3*b = -4*i + 2172, 7*b = -i + l*b + 543. What are the prime factors of i?
3, 181
Let t(s) = 102*s + 1. Let g be t(-1). Let q be 744/(-54) - 8/36. Let n = q - g. What are the prime factors of n?
3, 29
Suppose 0 = 13*n - 3*n - 1020. Let z = n + -19. What are the prime factors of z?
83
Let x = -30 - -261. Let s = -106 